z*u + 117 = -2*u + m, 0 = 3*u - m - 111. Is 11 a factor of u?
False
Suppose -4*j + j + 81 = p, 5*j - 136 = -2*p. Let h = 37 - j. Is h a multiple of 4?
False
Let z = 100 + -55. Is 15 a factor of z?
True
Is (-486)/(-16) + (-9)/24 a multiple of 15?
True
Let b = 47 - 43. Is 2 a factor of b?
True
Suppose 3*t + t = 180. Is t a multiple of 15?
True
Let y be 14 + 3 + 3/3. Is (-2)/4 + 711/y a multiple of 18?
False
Suppose -13 = -4*y - 3*v, -y - 2*v = 3*v + 1. Suppose -y*t + 29 = 5. Does 3 divide t?
True
Let x(k) = k + 12. Let c(h) = h + 13. Let y(u) = -2*c(u) + 3*x(u). Let v be ((1 - 1)/1)/1. Does 10 divide y(v)?
True
Let w be (8/10)/((-4)/(-40)). Does 24 divide (0 - 12/w)*-48?
True
Let v(o) = o**2 - 8*o - 11. Is 4 a factor of v(12)?
False
Let o(k) = 5*k**2 + 2*k - 3. Let g(a) = 3*a**2 + a - 2. Let w(f) = 7*g(f) - 4*o(f). Is w(-5) a multiple of 8?
False
Let k(g) = -g**3 + 4*g**2 - 4*g + 3. Let b be k(3). Suppose 2*f = -2*f. Suppose b = -3*l + 5*q + 2 - f, 10 = 4*l - 3*q. Is 3 a factor of l?
False
Suppose 4*z = 3 + 1. Is 1*-1*(z - 23) a multiple of 6?
False
Suppose 7*s - 3*s + 760 = 5*h, -5*h - 5*s + 805 = 0. Is 65 a factor of h?
False
Suppose 3*b + 2*s = 9, 4*b + 5*s = 2*s + 13. Let q be (3/b)/(12/88). Suppose 5*i - 2*p = q, 4*p + 6 = 3*i + p. Is 3 a factor of i?
True
Let h(p) = p**3 + 5*p**2 - 6*p + 2. Let a be h(-6). Suppose -g + a = 1. Is 13 a factor of 2 - 3 - (g - 28)?
True
Let p(z) = -z**3 - 8*z**2 - 8*z - 5. Let o be p(-7). Suppose -r + o*r = 4. Is r a multiple of 4?
True
Let s be (0/4)/((-2)/(-2)). Suppose -2*v + 4*a + 74 = s, -5*v + v + 3*a + 133 = 0. Is v a multiple of 31?
True
Let c = 14 + -10. Does 6 divide 28 - 0*c/8?
False
Let j = -5 + 5. Let s be j*2*1/2. Suppose s = 4*t - 8, 5*f + 4*t = 31 + 77. Is f a multiple of 7?
False
Let h = 521 - 300. Is 10 a factor of h?
False
Let n(i) = -2*i + 5. Let o be n(4). Let b = o - -8. Is b a multiple of 2?
False
Let s(a) = 4 - a**3 + 7*a - 9 - 2 - 8*a**2. Does 11 divide s(-9)?
True
Let i(u) = -u**3 + 6*u**2 - 4*u + 3. Let k be ((-40)/(-12))/(2/3). Is i(k) a multiple of 8?
True
Let h(u) = -2*u - 3. Let s be h(-6). Suppose -13 - s = -w. Is w a multiple of 11?
True
Let d be (-4 - -1) + -3 + 38. Suppose n - 2*u - d = 0, 0 = n + n + 2*u - 58. Does 15 divide n?
True
Suppose 0 = -3*v + 211 - 49. Does 18 divide v?
True
Suppose 3*i = 5*i - 5*j + 22, 4*j = i + 17. Is 15 a factor of 2 - (-13)/((-1)/i)?
True
Let c be (-10)/(-8) - (-2)/(-8). Let n be (-1)/c*(-12 - -3). Is 10 a factor of 11*-3*(-3)/n?
False
Suppose 0 = -5*a - 0*a - 95. Let n = 47 + a. Let h = 53 - n. Does 13 divide h?
False
Suppose 2*s - j - 2*j = 105, 0 = 4*j + 4. Is 10 a factor of s?
False
Let z be (6/9)/((-2)/(-6)). Suppose -268 = 5*r - f + z*f, 5*f = -3*r - 174. Let x = 77 + r. Does 9 divide x?
False
Let o = 71 - -4. Is 13 a factor of o?
False
Let x be -16 + 1/2*0. Let y = x + 30. Is 6 a factor of y?
False
Let p(q) = 2*q**2 + 5*q + 2. Suppose x = -2*w - 11, -5*w + 8 = -2*x + 22. Is p(w) a multiple of 5?
False
Let g(y) = -5*y + 1. Let n = 5 + -7. Is 9 a factor of g(n)?
False
Let s(b) = 4*b**3 - 3*b**2 + b + 1. Let y(i) = i**3 + 10*i**2 + 8*i - 7. Let q be y(-9). Does 14 divide s(q)?
False
Let v = 9 + -7. Let p = v - -3. Suppose -p*c + 51 = -24. Is c a multiple of 6?
False
Suppose -2*n - 36 = -3*c, -71 = -4*c - 4*n - n. Suppose -3*p + 2*p = -c. Is p a multiple of 14?
True
Let h(y) = y**3 + 2*y**2 + 3*y + 115. Is h(0) a multiple of 10?
False
Let g(v) = v**2 - v + 1. Is 7 a factor of g(-4)?
True
Let p = -23 - -58. Does 21 divide p?
False
Suppose 2*r + 0*r = -14. Does 10 divide (-2)/(-7) - 68/r?
True
Let g(t) = -17*t**2 - 22*t - 27. Let p(w) = 8*w**2 + 11*w + 13. Let n(h) = 6*g(h) + 13*p(h). Is n(-7) a multiple of 13?
False
Let n = -101 + 137. Is n a multiple of 12?
True
Let f be (-4)/(-10)*1*-25. Let p = f + 18. Is 5 a factor of p?
False
Let r(f) = -f - 2. Let q be r(-4). Suppose 3*y = -q*y. Is 12 a factor of (-32)/(y + -1 - 0)?
False
Let w = 117 + -77. Is w a multiple of 20?
True
Let i = -24 - -43. Suppose -4*o = o - 25. Suppose o*s - b = i, 0 = -2*b - 2 - 6. Is s a multiple of 2?
False
Let u(j) = -j**3 + 6*j**2 - 5*j - 6. Let c be u(5). Let q = -4 - c. Suppose -5*g - 2*b = -19, -6 - 16 = -q*g + 4*b. Is g a multiple of 3?
False
Let y(c) = -2*c**2 - c - 2. Let a be y(-5). Let g = -17 - a. Is g a multiple of 15?
True
Let v(h) be the third derivative of h**7/2520 + h**6/360 - h**5/40 + h**4/24 + 3*h**2. Let o(k) be the second derivative of v(k). Does 6 divide o(-5)?
True
Let x = -13 - -13. Suppose -2*y + 9 + 23 = x. Does 8 divide y?
True
Suppose 5*l = -b + 2*l - 12, -5*l - 19 = 2*b. Suppose -25 - 11 = -b*u. Is 12 a factor of u?
True
Suppose 2*m = -5*p + 20 + 31, -4*p = 4*m - 84. Suppose m + 7 = 5*u. Suppose 0 = -x + u*d + 44, x - d - 4 = -6*d. Is 12 a factor of x?
True
Let o(d) = 2*d**2 + 3*d**2 + 22 + 52 - 6*d**2. Is 25 a factor of o(0)?
False
Let q(p) = 2*p**2 + 7*p. Let t be q(-5). Suppose t = k - 8. Does 7 divide k?
False
Let d(q) = -q**2 - 7*q + 11. Let z be d(-8). Suppose -2*j + z*j + 2*c = 32, -20 = -5*c. Is 8 a factor of j?
True
Suppose p = 4*p + 2*c - 90, 4*p - 106 = 2*c. Does 14 divide p?
True
Let w = -12 + 17. Suppose 0 = -s + 1, 2*i - 6*i + 3*s + 125 = 0. Suppose w*t - 2*t = j + 38, -2*t + i = -4*j. Is t a multiple of 11?
False
Suppose -398 + 74 = -4*b. Does 27 divide b?
True
Let o(p) = -p - 1. Let t be o(5). Does 16 divide (-151)/(-3) + t/(-9)?
False
Suppose -4*z - 4 = 2*v - 6*v, -5*z - 4*v + 22 = 0. Suppose 2*o - a - 57 = -o, z*o - 3*a = 31. Is o a multiple of 11?
False
Let q(h) = 4*h**2 + 10*h - 5. Is q(-5) a multiple of 13?
False
Let x(y) = -y**2 + 2*y + 2. Let n be x(4). Let b be 4/n - (-16)/6. Suppose -7 = -b*s + 5. Does 6 divide s?
True
Suppose 3*w = 3*j + w - 14, 3*j + 2*w + 2 = 0. Let m = 5 - j. Does 3 divide m?
True
Let c(r) = -r**2 + 15*r - 12. Does 10 divide c(12)?
False
Suppose -w = -3*w + 230. Is w a multiple of 23?
True
Suppose -4*p = -2*p + 4. Let q(b) be the first derivative of -b**3/3 - 3*b**2/2 + 2*b + 2. Is q(p) a multiple of 2?
True
Let o be (-4)/(-16) + (-27)/(-4). Suppose o + 6 = j. Does 12 divide j?
False
Let k = -13 - -30. Is 17 a factor of k?
True
Let j(c) = -19*c - 8. Let z be j(-7). Suppose 3*m = 2*b + z, 2*m = -4*b - 35 + 97. Is m a multiple of 13?
True
Suppose -4*s - 4*v = -200, -88 = -5*s + 3*s + v. Is 10 a factor of s?
False
Let f(z) = z**2 + 11*z - 1. Is 4 a factor of f(-13)?
False
Let l(t) be the second derivative of t**4/3 + 2*t. Is 4 a factor of l(-1)?
True
Suppose -3*p - 35 = -2*h - 3*h, 3*h + 5*p = -13. Let w(s) = -8*s**2 - 6*s. Let v(o) = -o**2 - o - 1. Let z(f) = h*v(f) - w(f). Is z(3) a multiple of 19?
True
Let i(b) = -1. Let f(j) = -5*j - 5. Let a(d) = 2*f(d) - 6*i(d). Is a(-3) a multiple of 13?
True
Is 15 a factor of -4 + (3 - -1 - -105)?
True
Suppose x - 30 = -x. Let f = -8 + x. Is 2 a factor of f?
False
Let j(h) = -27*h. Does 9 divide j(-1)?
True
Is 40/((-2)/7 + 600/1365) a multiple of 13?
True
Suppose 0 = -0*c - 5*c + 270. Does 20 divide c?
False
Let t(d) = -d**3 + 6*d**2 + 8*d + 1. Let i be t(7). Suppose -i = -3*z - z. Suppose z*f + 4*g - 3*g - 12 = 0, -g + 26 = 4*f. Is 7 a factor of f?
True
Suppose 2*y = -0*y + 6. Let x be 1*(1 + 0) + 16. Suppose -y*k = -x - 58. Does 12 divide k?
False
Is 11 a factor of (((-455)/10)/(-13))/((-1)/(-66))?
True
Suppose -6*k + 4 = -4*k. Suppose 3*l + k*l = -210. Let i = -28 - l. Does 7 divide i?
True
Suppose 3*z = 4*z - 144. Let h = z - 72. Is 18 a factor of h?
True
Is 18 a factor of (-8)/10 - (-1490)/50?
False
Let k(i) be the first derivative of i**3/3 + 3*i**2/2 + 8*i - 1. Does 34 divide k(-9)?
False
Let k = -38 + 73. Does 15 divide k?
False
Let b = -11 + 17. Suppose 4*i - 21 + 5 = 0. Suppose -n + i = -b. Is 5 a factor of n?
True
Let c = 4 - -2. Let j = 11 - c. Is 3 a factor of j?
False
Let p be 130/(-39)*(-6)/2. Suppose 0 = -3*f - 2*f. Suppose -3*m - 2*z + p = f, -m = 3*z + 2 + 4. Does 6 divide m?
True
Let n be 2/(-6) - 94/6. Let x = n - -8. Let b(u) = -u**2 - 10*u - 8. Is b(x) a multiple of 3?
False
Let h be (-5 - -5) + 1*8. Suppose h = -0*z + z. Is 5 a factor of z?
False
Suppose 0 = -j + 70 + 152. Is j a multiple of 27?
False
Let j(z) = 2*z**2 - 5*z - 10. Is j(-3) a multiple of 3?
False
Let c(m) = -16*m + 1. Is c(-8) a multiple of 32?
False
Let r be 3 -